{"id":566,"date":"2020-04-23T16:22:25","date_gmt":"2020-04-23T19:22:25","guid":{"rendered":"https:\/\/www.sublimadosaiki.com.ar\/?post_type=product&#038;p=566"},"modified":"2024-02-06T15:35:36","modified_gmt":"2024-02-06T18:35:36","slug":"bandanas-de-nemo","status":"publish","type":"product","link":"https:\/\/www.sublimadosaiki.com.ar\/store\/producto\/bandanas-de-nemo\/","title":{"rendered":"BANDANAS DE NEMO"},"content":{"rendered":"<p><img fetchpriority=\"high\" decoding=\"async\" class=\"alignnone size-medium wp-image-564\" src=\"https:\/\/www.sublimadosaiki.com.ar\/wp-content\/uploads\/2020\/04\/IMG_20200122_101340_602-300x300.jpg\" alt=\"\" width=\"300\" height=\"300\" srcset=\"https:\/\/www.sublimadosaiki.com.ar\/store\/wp-content\/uploads\/2020\/04\/IMG_20200122_101340_602-300x300.jpg 300w, https:\/\/www.sublimadosaiki.com.ar\/store\/wp-content\/uploads\/2020\/04\/IMG_20200122_101340_602-100x100.jpg 100w, https:\/\/www.sublimadosaiki.com.ar\/store\/wp-content\/uploads\/2020\/04\/IMG_20200122_101340_602-600x600.jpg 600w, https:\/\/www.sublimadosaiki.com.ar\/store\/wp-content\/uploads\/2020\/04\/IMG_20200122_101340_602-1024x1024.jpg 1024w, https:\/\/www.sublimadosaiki.com.ar\/store\/wp-content\/uploads\/2020\/04\/IMG_20200122_101340_602-150x150.jpg 150w, https:\/\/www.sublimadosaiki.com.ar\/store\/wp-content\/uploads\/2020\/04\/IMG_20200122_101340_602-768x768.jpg 768w, https:\/\/www.sublimadosaiki.com.ar\/store\/wp-content\/uploads\/2020\/04\/IMG_20200122_101340_602.jpg 1040w\" sizes=\"(max-width: 300px) 100vw, 300px\" \/><\/p>\n","protected":false},"excerpt":{"rendered":"<p>ESTAS BANDANAS DE NEMO ESTAN DISPONIBLE PARA QUE LAS PIDAS Y TE LAS LLEVAMOS, CUALQUIERA DE LAS DOS QUE VES. ES UNA SUPER PROMO PARA TU BEB\u00c9. SON DE TELA MODAL BLANCA EST\u00c1N SUBLIMADAS Y TRAEN BROCHE PL\u00c1STICO. CUANDO LAS LAVAS NO SE LE VA EL DIBUJO Y NO SE DEFORMAN. ESTAS PEDILAS Y LLEVALAS YA!<\/p>\n","protected":false},"featured_media":564,"comment_status":"open","ping_status":"closed","template":"","meta":{"_joinchat":[]},"product_brand":[],"product_cat":[42],"product_tag":[],"class_list":{"0":"post-566","1":"product","2":"type-product","3":"status-publish","4":"has-post-thumbnail","6":"product_cat-bebes","8":"first","9":"instock","10":"taxable","11":"shipping-taxable","12":"purchasable","13":"product-type-simple"},"_links":{"self":[{"href":"https:\/\/www.sublimadosaiki.com.ar\/store\/wp-json\/wp\/v2\/product\/566","targetHints":{"allow":["GET"]}}],"collection":[{"href":"https:\/\/www.sublimadosaiki.com.ar\/store\/wp-json\/wp\/v2\/product"}],"about":[{"href":"https:\/\/www.sublimadosaiki.com.ar\/store\/wp-json\/wp\/v2\/types\/product"}],"replies":[{"embeddable":true,"href":"https:\/\/www.sublimadosaiki.com.ar\/store\/wp-json\/wp\/v2\/comments?post=566"}],"version-history":[{"count":1,"href":"https:\/\/www.sublimadosaiki.com.ar\/store\/wp-json\/wp\/v2\/product\/566\/revisions"}],"predecessor-version":[{"id":567,"href":"https:\/\/www.sublimadosaiki.com.ar\/store\/wp-json\/wp\/v2\/product\/566\/revisions\/567"}],"wp:featuredmedia":[{"embeddable":true,"href":"https:\/\/www.sublimadosaiki.com.ar\/store\/wp-json\/wp\/v2\/media\/564"}],"wp:attachment":[{"href":"https:\/\/www.sublimadosaiki.com.ar\/store\/wp-json\/wp\/v2\/media?parent=566"}],"wp:term":[{"taxonomy":"product_brand","embeddable":true,"href":"https:\/\/www.sublimadosaiki.com.ar\/store\/wp-json\/wp\/v2\/product_brand?post=566"},{"taxonomy":"product_cat","embeddable":true,"href":"https:\/\/www.sublimadosaiki.com.ar\/store\/wp-json\/wp\/v2\/product_cat?post=566"},{"taxonomy":"product_tag","embeddable":true,"href":"https:\/\/www.sublimadosaiki.com.ar\/store\/wp-json\/wp\/v2\/product_tag?post=566"}],"curies":[{"name":"wp","href":"https:\/\/api.w.org\/{rel}","templated":true}]}}

<p>ESTAS BANDANAS DE NEMO ESTAN DISPONIBLE PARA QUE LAS PIDAS Y TE LAS LLEVAMOS, CUALQUIERA DE LAS DOS QUE VES. ES UNA SUPER PROMO PARA TU BEBÉ. SON DE TELA MODAL BLANCA ESTÁN SUBLIMADAS Y TRAEN BROCHE PLÁSTICO. CUANDO LAS LAVAS NO SE LE VA EL DIBUJO Y NO SE DEFORMAN. ESTAS PEDILAS Y LLEVALAS YA!</p>
