{"id":560,"date":"2020-04-23T16:17:15","date_gmt":"2020-04-23T19:17:15","guid":{"rendered":"https:\/\/www.sublimadosaiki.com.ar\/?post_type=product&#038;p=560"},"modified":"2024-02-06T15:36:21","modified_gmt":"2024-02-06T18:36:21","slug":"bandanas-bebe-personalizadas-y-sublimadas","status":"publish","type":"product","link":"https:\/\/www.sublimadosaiki.com.ar\/store\/producto\/bandanas-bebe-personalizadas-y-sublimadas\/","title":{"rendered":"BANDANAS BEB\u00c9 PERSONALIZADAS -SUBLIMADAS"},"content":{"rendered":"<p><img fetchpriority=\"high\" decoding=\"async\" class=\"alignnone size-medium wp-image-561\" src=\"https:\/\/www.sublimadosaiki.com.ar\/wp-content\/uploads\/2020\/04\/IMG-20200116-WA0017-300x225.jpg\" alt=\"\" width=\"300\" height=\"225\" srcset=\"https:\/\/www.sublimadosaiki.com.ar\/store\/wp-content\/uploads\/2020\/04\/IMG-20200116-WA0017-300x225.jpg 300w, https:\/\/www.sublimadosaiki.com.ar\/store\/wp-content\/uploads\/2020\/04\/IMG-20200116-WA0017-600x450.jpg 600w, https:\/\/www.sublimadosaiki.com.ar\/store\/wp-content\/uploads\/2020\/04\/IMG-20200116-WA0017-1024x768.jpg 1024w, https:\/\/www.sublimadosaiki.com.ar\/store\/wp-content\/uploads\/2020\/04\/IMG-20200116-WA0017-768x576.jpg 768w, https:\/\/www.sublimadosaiki.com.ar\/store\/wp-content\/uploads\/2020\/04\/IMG-20200116-WA0017.jpg 1032w\" sizes=\"(max-width: 300px) 100vw, 300px\" \/><\/p>\n","protected":false},"excerpt":{"rendered":"<p>ESTAS BANDANAS SON RE \u00daTILES PARA LOS BEBES. EN ESTE CASO SON DE TELA MODAL SUBLIMADAS Y PERSONALIZADAS. ABSORBEN LOS L\u00cdQUIDOS , ADEM\u00c1S SON SUAVECITAS AL TACTO ,Y TRAEN BROCHE PL\u00b4STICOS PARA QUE NO LASTIMEN AL BEB\u00c9. ELEG\u00cd LA ESTAMPA O FRASE QUE QUIERAS.<\/p>\n","protected":false},"featured_media":561,"comment_status":"open","ping_status":"closed","template":"","meta":{"_joinchat":[]},"product_brand":[],"product_cat":[42],"product_tag":[],"class_list":{"0":"post-560","1":"product","2":"type-product","3":"status-publish","4":"has-post-thumbnail","6":"product_cat-bebes","8":"first","9":"instock","10":"taxable","11":"shipping-taxable","12":"purchasable","13":"product-type-simple"},"_links":{"self":[{"href":"https:\/\/www.sublimadosaiki.com.ar\/store\/wp-json\/wp\/v2\/product\/560","targetHints":{"allow":["GET"]}}],"collection":[{"href":"https:\/\/www.sublimadosaiki.com.ar\/store\/wp-json\/wp\/v2\/product"}],"about":[{"href":"https:\/\/www.sublimadosaiki.com.ar\/store\/wp-json\/wp\/v2\/types\/product"}],"replies":[{"embeddable":true,"href":"https:\/\/www.sublimadosaiki.com.ar\/store\/wp-json\/wp\/v2\/comments?post=560"}],"version-history":[{"count":2,"href":"https:\/\/www.sublimadosaiki.com.ar\/store\/wp-json\/wp\/v2\/product\/560\/revisions"}],"predecessor-version":[{"id":1417,"href":"https:\/\/www.sublimadosaiki.com.ar\/store\/wp-json\/wp\/v2\/product\/560\/revisions\/1417"}],"wp:featuredmedia":[{"embeddable":true,"href":"https:\/\/www.sublimadosaiki.com.ar\/store\/wp-json\/wp\/v2\/media\/561"}],"wp:attachment":[{"href":"https:\/\/www.sublimadosaiki.com.ar\/store\/wp-json\/wp\/v2\/media?parent=560"}],"wp:term":[{"taxonomy":"product_brand","embeddable":true,"href":"https:\/\/www.sublimadosaiki.com.ar\/store\/wp-json\/wp\/v2\/product_brand?post=560"},{"taxonomy":"product_cat","embeddable":true,"href":"https:\/\/www.sublimadosaiki.com.ar\/store\/wp-json\/wp\/v2\/product_cat?post=560"},{"taxonomy":"product_tag","embeddable":true,"href":"https:\/\/www.sublimadosaiki.com.ar\/store\/wp-json\/wp\/v2\/product_tag?post=560"}],"curies":[{"name":"wp","href":"https:\/\/api.w.org\/{rel}","templated":true}]}}

BANDANAS BEBÉ PERSONALIZADAS -SUBLIMADAS

<p>ESTAS BANDANAS SON RE ÚTILES PARA LOS BEBES. EN ESTE CASO SON DE TELA MODAL SUBLIMADAS Y PERSONALIZADAS. ABSORBEN LOS LÍQUIDOS , ADEMÁS SON SUAVECITAS AL TACTO ,Y TRAEN BROCHE PL´STICOS PARA QUE NO LASTIMEN AL BEBÉ. ELEGÍ LA ESTAMPA O FRASE QUE QUIERAS.</p>
