{"id":1172,"date":"2020-05-01T21:08:47","date_gmt":"2020-05-02T00:08:47","guid":{"rendered":"https:\/\/www.sublimadosaiki.com.ar\/?post_type=product&#038;p=1172"},"modified":"2024-11-30T12:54:39","modified_gmt":"2024-11-30T15:54:39","slug":"mochis-de-tela-con-cordon","status":"publish","type":"product","link":"https:\/\/www.sublimadosaiki.com.ar\/store\/producto\/mochis-de-tela-con-cordon\/","title":{"rendered":"MOCHIS &#8211; TELA -CON CORD\u00d3N"},"content":{"rendered":"<p><img fetchpriority=\"high\" decoding=\"async\" class=\"alignnone size-medium wp-image-1173\" src=\"https:\/\/www.sublimadosaiki.com.ar\/wp-content\/uploads\/2020\/05\/20191221_162615-300x300.jpg\" alt=\"\" width=\"300\" height=\"300\" srcset=\"https:\/\/www.sublimadosaiki.com.ar\/store\/wp-content\/uploads\/2020\/05\/20191221_162615-300x300.jpg 300w, https:\/\/www.sublimadosaiki.com.ar\/store\/wp-content\/uploads\/2020\/05\/20191221_162615-100x100.jpg 100w, https:\/\/www.sublimadosaiki.com.ar\/store\/wp-content\/uploads\/2020\/05\/20191221_162615-600x600.jpg 600w, https:\/\/www.sublimadosaiki.com.ar\/store\/wp-content\/uploads\/2020\/05\/20191221_162615-150x150.jpg 150w, https:\/\/www.sublimadosaiki.com.ar\/store\/wp-content\/uploads\/2020\/05\/20191221_162615-768x768.jpg 768w, https:\/\/www.sublimadosaiki.com.ar\/store\/wp-content\/uploads\/2020\/05\/20191221_162615.jpg 925w\" sizes=\"(max-width: 300px) 100vw, 300px\" \/><\/p>\n","protected":false},"excerpt":{"rendered":"<p>MOCHILAS DE TELA TROPICAL MEC\u00c1NICO, CON CORDONES , SUBLIMADAS Y PERSONALIZADSA, IDEALES PARA LLEVAR AL JARDIN . PILETA O PASEO. LAVABLES Y ECON\u00d3MICAS. CONSULTA PRECIO TAMBI\u00c9N POR CANTIDAD. PODES ELEGIR MEDIDAS DISPONIBLES (CONSULTAR) LA DE LA FOTO 40CM DE ALTO X30 DE NACHO.<\/p>\n","protected":false},"featured_media":1173,"comment_status":"open","ping_status":"closed","template":"","meta":{"_joinchat":[]},"product_brand":[],"product_cat":[33],"product_tag":[],"class_list":{"0":"post-1172","1":"product","2":"type-product","3":"status-publish","4":"has-post-thumbnail","6":"product_cat-mochilas","8":"first","9":"instock","10":"taxable","11":"shipping-taxable","12":"purchasable","13":"product-type-simple"},"_links":{"self":[{"href":"https:\/\/www.sublimadosaiki.com.ar\/store\/wp-json\/wp\/v2\/product\/1172","targetHints":{"allow":["GET"]}}],"collection":[{"href":"https:\/\/www.sublimadosaiki.com.ar\/store\/wp-json\/wp\/v2\/product"}],"about":[{"href":"https:\/\/www.sublimadosaiki.com.ar\/store\/wp-json\/wp\/v2\/types\/product"}],"replies":[{"embeddable":true,"href":"https:\/\/www.sublimadosaiki.com.ar\/store\/wp-json\/wp\/v2\/comments?post=1172"}],"version-history":[{"count":2,"href":"https:\/\/www.sublimadosaiki.com.ar\/store\/wp-json\/wp\/v2\/product\/1172\/revisions"}],"predecessor-version":[{"id":1398,"href":"https:\/\/www.sublimadosaiki.com.ar\/store\/wp-json\/wp\/v2\/product\/1172\/revisions\/1398"}],"wp:featuredmedia":[{"embeddable":true,"href":"https:\/\/www.sublimadosaiki.com.ar\/store\/wp-json\/wp\/v2\/media\/1173"}],"wp:attachment":[{"href":"https:\/\/www.sublimadosaiki.com.ar\/store\/wp-json\/wp\/v2\/media?parent=1172"}],"wp:term":[{"taxonomy":"product_brand","embeddable":true,"href":"https:\/\/www.sublimadosaiki.com.ar\/store\/wp-json\/wp\/v2\/product_brand?post=1172"},{"taxonomy":"product_cat","embeddable":true,"href":"https:\/\/www.sublimadosaiki.com.ar\/store\/wp-json\/wp\/v2\/product_cat?post=1172"},{"taxonomy":"product_tag","embeddable":true,"href":"https:\/\/www.sublimadosaiki.com.ar\/store\/wp-json\/wp\/v2\/product_tag?post=1172"}],"curies":[{"name":"wp","href":"https:\/\/api.w.org\/{rel}","templated":true}]}}